{"id":186,"date":"2013-06-29T15:33:06","date_gmt":"2013-06-29T15:33:06","guid":{"rendered":"http:\/\/www.yves-belenfant.fr\/artiste-peintre\/?page_id=186"},"modified":"2024-12-03T22:28:41","modified_gmt":"2024-12-03T20:28:41","slug":"biographie","status":"publish","type":"page","link":"https:\/\/www.yves-belenfant.fr\/artiste-peintre\/biographie\/","title":{"rendered":"Biographie"},"content":{"rendered":"\n<div class=\"wp-block-media-text has-media-on-the-right is-stacked-on-mobile\" style=\"grid-template-columns:auto 54%\"><div class=\"wp-block-media-text__content\">\n<h6 class=\"wp-block-heading\"><strong>Yves Belenfant<\/strong><\/h6>\n\n\n\n<p>N\u00e9 le 13 juin 1955 \u00e0 Vannes (Morbihan)<br>Vit et travaille \u00e0 Vannes<\/p>\n\n\n\n<h6 class=\"wp-block-heading\"><strong>Formation<\/strong><\/h6>\n\n\n\n<p>\u00c9cole des Beaux Arts (Lorient)<\/p>\n\n\n\n<p><\/p>\n<\/div><figure class=\"wp-block-media-text__media\"><img loading=\"lazy\" decoding=\"async\" width=\"670\" height=\"502\" src=\"https:\/\/www.yves-belenfant.fr\/artiste-peintre\/wp-content\/uploads\/2024\/12\/peintre-vannes-yves-belenfant-arradon-morbihan-demeuresmarines-1.jpg\" alt=\"\" class=\"wp-image-1562 size-full\" srcset=\"https:\/\/www.yves-belenfant.fr\/artiste-peintre\/wp-content\/uploads\/2024\/12\/peintre-vannes-yves-belenfant-arradon-morbihan-demeuresmarines-1.jpg 670w, https:\/\/www.yves-belenfant.fr\/artiste-peintre\/wp-content\/uploads\/2024\/12\/peintre-vannes-yves-belenfant-arradon-morbihan-demeuresmarines-1-350x262.jpg 350w, https:\/\/www.yves-belenfant.fr\/artiste-peintre\/wp-content\/uploads\/2024\/12\/peintre-vannes-yves-belenfant-arradon-morbihan-demeuresmarines-1-100x75.jpg 100w\" sizes=\"auto, (max-width: 670px) 100vw, 670px\" \/><\/figure><\/div>\n\n\n<h6><strong>Expositions personnelles<\/strong><\/h6>\n<p><strong>2024<br \/><\/strong>Exposition \u00ab\u00a0Peintures 2023 &#8211; 2024\u00a0\u00bb &#8211; Arradon<\/p>\n<p><strong>2012<br \/><\/strong>Galerie scrawitch &#8211; Paris<\/p>\n<p><strong>2001<\/strong><br \/>Art dans les chapelles \u2014 Chapelle La trinit\u00e9<\/p>\n<p><strong>2000<\/strong><br \/>Accrochage &#8211; F.R.A.C. Bretagne &#8211; Ch\u00e2teaugiron<\/p>\n<p><strong>1991<\/strong><br \/>Ch\u00e2teau de Ligni\u00e8res &#8211; Berry &#8211; Cher<\/p>\n<p><strong>1990<\/strong><br \/>L&rsquo;image en marche &#8211; Vannes<br \/>Galerie Collin &#8211; Rennes<\/p>\n<p><strong>1988<\/strong><br \/>Atelier ouvert Mus\u00e9e de la Cohue &#8211; Vannes<br \/>Exposition intervention Re-Ligare &#8211; L.E.T.P. Kergypt \u2014 Vannes<\/p>\n<p><strong>1987<\/strong><br \/>Galerie l&rsquo;espace l&rsquo;Orient &#8211; Lorient<br \/>Atelier Mus\u00e9e de la Cohue &#8211; Vannes<\/p>\n<h6><strong>E<\/strong><strong>xpositions de groupe<\/strong><\/h6>\n<p><strong>2018<\/strong><br \/>La Peinture Que J&rsquo;aime &#8211; Yves Belenfant, Fran\u00e7ois Jeune, Claude Briand-Picard, Benedicte Darbois (Inauguration Atelier de Fran\u00e7ois Jeune, Saint Armel &#8211; France)<\/p>\n<p><strong>2011<\/strong><br \/>IUFM Saint Brieuc &#8211; Yves Belenfant, Richard Baqui\u00e9, Raimond Hains, Jacques De La Villegl\u00e9 (F.R.A.C Bretagne)<\/p>\n<p><strong>1999<\/strong><br \/>\u00c0 l&rsquo;ouvert du monde regard sur l&rsquo;art en Bretagne depuis 1945 \u00e0 la galerie du Faou\u00ebdic \u00e0 Lorient &#8211; Collection du F.R.A.C. Bretagne<\/p>\n<p><strong>1995<\/strong><br \/>Papiers Ackling &#8211; Belenfant Collection du F.R.A.C. Bretagne au Th\u00e9\u00e2tre National de Bretagne &#8211; Rennes<\/p>\n<p><strong>1993<\/strong><br \/>Cap Horn imaginaire \u2014 Eco mus\u00e9e de Saint Nazaire<\/p>\n<p><strong>1992<\/strong><br \/>Mai des Avens &#8211; Quimperl\u00e9<br \/>Cap Horn imaginaire &#8211; Espace Diderot \u2014 Rez\u00e9 &#8211; Nantes<\/p>\n<p><strong>1991<\/strong><br \/>Artistes de la galerie &#8211; galerie Collin &#8211; Rennes<br \/>101 Donations au Mus\u00e9e de la Cohue &#8211; Vannes<br \/>Belenfant &#8211; Hallereau &#8211; Le Ball &#8211; Studio Kostel &#8211; Paris<\/p>\n<p><strong>1990<\/strong><br \/>Salon de Montrouge &#8211; Paris<\/p>\n<p><strong>1989<\/strong><br \/>Artistes de la galerie &#8211; Galerie Antheneum &#8211; Paris<\/p>\n<p><strong>1988<\/strong><br \/>Group show format l\u00e9zard &#8211; Galerie Beau L\u00e9zard &#8211; Paris<\/p>\n<p><strong>1987<\/strong><br \/>Salon de Montrouge<br \/>Bouteilles de champagne peintes pour Perrier-Jouet<br \/>Galerie Beau L\u00e9zard &#8211; Paris<br \/>Exposition vente au profit du Secours Populaire &#8211; Mairie de Brest<br \/>F.I.A.C. Stand galerie Beau L\u00e9zard &#8211; Grand Palais &#8211; Paris<\/p>\n<p><strong>1986<\/strong><br \/>Intervention et accrochage \u00e0 l\u2019\u00e9cole Jeanzay &#8211; Rennes<br \/>Group show format j\u00e9sus &#8211; galerie Beau L\u00e9zard &#8211; Paris<\/p>\n<p><strong>1985<\/strong><br \/>Salon de Montrouge<\/p>\n<h6><strong>Exposition de groupe \u00e0 l&rsquo;\u00e9tranger<\/strong><\/h6>\n<p><strong>1987<\/strong><br \/>Les couleurs France \u2014 Bologne (Italie) Galerie Beau L\u00e9zard<\/p>\n<h6><strong>Achats publics<\/strong><\/h6>\n<div><strong>2016<\/strong><\/div>\n<div>Fondation Baek Gang Museum of modern Art<\/div>\n<div>Bundang gu Cor\u00e9e<\/div>\n<div>\u00a0<\/div>\n<div><strong>1993<br \/><\/strong>F.R.A.C. de Bretagne (Fonds R\u00e9gional d\u2019Art Contemporain)<\/div>","protected":false},"excerpt":{"rendered":"<p>Yves Belenfant N\u00e9 le 13 juin 1955 \u00e0 Vannes (Morbihan)Vit et travaille \u00e0 Vannes Formation \u00c9cole des Beaux Arts (Lorient) Expositions personnelles 2024Exposition \u00ab\u00a0Peintures 2023 &#8211; 2024\u00a0\u00bb &#8211; Arradon 2012Galerie scrawitch &#8211; Paris 2001Art dans les chapelles \u2014 Chapelle La trinit\u00e9 2000Accrochage &#8211; F.R.A.C. Bretagne &#8211; Ch\u00e2teaugiron 1991Ch\u00e2teau de Ligni\u00e8res &#8211; Berry &#8211; Cher 1990L&rsquo;image en marche &#8211; VannesGalerie Collin &#8230; <\/p>\n<div><a href=\"https:\/\/www.yves-belenfant.fr\/artiste-peintre\/biographie\/\" class=\"more-link\">Read More<\/a><\/div>\n","protected":false},"author":1,"featured_media":0,"parent":0,"menu_order":0,"comment_status":"closed","ping_status":"open","template":"","meta":{"ngg_post_thumbnail":0,"footnotes":""},"class_list":["post-186","page","type-page","status-publish","hentry","no-post-thumbnail"],"_links":{"self":[{"href":"https:\/\/www.yves-belenfant.fr\/artiste-peintre\/wp-json\/wp\/v2\/pages\/186","targetHints":{"allow":["GET"]}}],"collection":[{"href":"https:\/\/www.yves-belenfant.fr\/artiste-peintre\/wp-json\/wp\/v2\/pages"}],"about":[{"href":"https:\/\/www.yves-belenfant.fr\/artiste-peintre\/wp-json\/wp\/v2\/types\/page"}],"author":[{"embeddable":true,"href":"https:\/\/www.yves-belenfant.fr\/artiste-peintre\/wp-json\/wp\/v2\/users\/1"}],"replies":[{"embeddable":true,"href":"https:\/\/www.yves-belenfant.fr\/artiste-peintre\/wp-json\/wp\/v2\/comments?post=186"}],"version-history":[{"count":11,"href":"https:\/\/www.yves-belenfant.fr\/artiste-peintre\/wp-json\/wp\/v2\/pages\/186\/revisions"}],"predecessor-version":[{"id":1572,"href":"https:\/\/www.yves-belenfant.fr\/artiste-peintre\/wp-json\/wp\/v2\/pages\/186\/revisions\/1572"}],"wp:attachment":[{"href":"https:\/\/www.yves-belenfant.fr\/artiste-peintre\/wp-json\/wp\/v2\/media?parent=186"}],"curies":[{"name":"wp","href":"https:\/\/api.w.org\/{rel}","templated":true}]}}

<div class="wp-block-media-text has-media-on-the-right is-stacked-on-mobile" style="grid-template-columns:auto 54%"><div class="wp-block-media-text__content">
<h6 class="wp-block-heading"><strong>Yves Belenfant</strong></h6>



<p>Né le 13 juin 1955 à Vannes (Morbihan)<br>Vit et travaille à Vannes</p>



<h6 class="wp-block-heading"><strong>Formation</strong></h6>



<p>École des Beaux Arts (Lorient)</p>



<p></p>
</div><figure class="wp-block-media-text__media"><img loading="lazy" decoding="async" width="670" height="502" src="https://www.yves-belenfant.fr/artiste-peintre/wp-content/uploads/2024/12/peintre-vannes-yves-belenfant-arradon-morbihan-demeuresmarines-1.jpg" alt="" class="wp-image-1562 size-full" srcset="https://www.yves-belenfant.fr/artiste-peintre/wp-content/uploads/2024/12/peintre-vannes-yves-belenfant-arradon-morbihan-demeuresmarines-1.jpg 670w, https://www.yves-belenfant.fr/artiste-peintre/wp-content/uploads/2024/12/peintre-vannes-yves-belenfant-arradon-morbihan-demeuresmarines-1-350x262.jpg 350w, https://www.yves-belenfant.fr/artiste-peintre/wp-content/uploads/2024/12/peintre-vannes-yves-belenfant-arradon-morbihan-demeuresmarines-1-100x75.jpg 100w" sizes="auto, (max-width: 670px) 100vw, 670px" /></figure></div>


<h6><strong>Expositions personnelles</strong></h6>
<p><strong>2024<br /></strong>Exposition « Peintures 2023 &#8211; 2024 » &#8211; Arradon</p>
<p><strong>2012<br /></strong>Galerie scrawitch &#8211; Paris</p>
<p><strong>2001</strong><br />Art dans les chapelles — Chapelle La trinité</p>
<p><strong>2000</strong><br />Accrochage &#8211; F.R.A.C. Bretagne &#8211; Châteaugiron</p>
<p><strong>1991</strong><br />Château de Lignières &#8211; Berry &#8211; Cher</p>
<p><strong>1990</strong><br />L&rsquo;image en marche &#8211; Vannes<br />Galerie Collin &#8211; Rennes</p>
<p><strong>1988</strong><br />Atelier ouvert Musée de la Cohue &#8211; Vannes<br />Exposition intervention Re-Ligare &#8211; L.E.T.P. Kergypt — Vannes</p>
<p><strong>1987</strong><br />Galerie l&rsquo;espace l&rsquo;Orient &#8211; Lorient<br />Atelier Musée de la Cohue &#8211; Vannes</p>
<h6><strong>E</strong><strong>xpositions de groupe</strong></h6>
<p><strong>2018</strong><br />La Peinture Que J&rsquo;aime &#8211; Yves Belenfant, François Jeune, Claude Briand-Picard, Benedicte Darbois (Inauguration Atelier de François Jeune, Saint Armel &#8211; France)</p>
<p><strong>2011</strong><br />IUFM Saint Brieuc &#8211; Yves Belenfant, Richard Baquié, Raimond Hains, Jacques De La Villeglé (F.R.A.C Bretagne)</p>
<p><strong>1999</strong><br />À l&rsquo;ouvert du monde regard sur l&rsquo;art en Bretagne depuis 1945 à la galerie du Faouëdic à Lorient &#8211; Collection du F.R.A.C. Bretagne</p>
<p><strong>1995</strong><br />Papiers Ackling &#8211; Belenfant Collection du F.R.A.C. Bretagne au Théâtre National de Bretagne &#8211; Rennes</p>
<p><strong>1993</strong><br />Cap Horn imaginaire — Eco musée de Saint Nazaire</p>
<p><strong>1992</strong><br />Mai des Avens &#8211; Quimperlé<br />Cap Horn imaginaire &#8211; Espace Diderot — Rezé &#8211; Nantes</p>
<p><strong>1991</strong><br />Artistes de la galerie &#8211; galerie Collin &#8211; Rennes<br />101 Donations au Musée de la Cohue &#8211; Vannes<br />Belenfant &#8211; Hallereau &#8211; Le Ball &#8211; Studio Kostel &#8211; Paris</p>
<p><strong>1990</strong><br />Salon de Montrouge &#8211; Paris</p>
<p><strong>1989</strong><br />Artistes de la galerie &#8211; Galerie Antheneum &#8211; Paris</p>
<p><strong>1988</strong><br />Group show format lézard &#8211; Galerie Beau Lézard &#8211; Paris</p>
<p><strong>1987</strong><br />Salon de Montrouge<br />Bouteilles de champagne peintes pour Perrier-Jouet<br />Galerie Beau Lézard &#8211; Paris<br />Exposition vente au profit du Secours Populaire &#8211; Mairie de Brest<br />F.I.A.C. Stand galerie Beau Lézard &#8211; Grand Palais &#8211; Paris</p>
<p><strong>1986</strong><br />Intervention et accrochage à l’école Jeanzay &#8211; Rennes<br />Group show format jésus &#8211; galerie Beau Lézard &#8211; Paris</p>
<p><strong>1985</strong><br />Salon de Montrouge</p>
<h6><strong>Exposition de groupe à l&rsquo;étranger</strong></h6>
<p><strong>1987</strong><br />Les couleurs France — Bologne (Italie) Galerie Beau Lézard</p>
<h6><strong>Achats publics</strong></h6>
<div><strong>2016</strong></div>
<div>Fondation Baek Gang Museum of modern Art</div>
<div>Bundang gu Corée</div>
<div> </div>
<div><strong>1993<br /></strong>F.R.A.C. de Bretagne (Fonds Régional d’Art Contemporain)</div>

<p>Yves Belenfant Né le 13 juin 1955 à Vannes (Morbihan)Vit et travaille à Vannes Formation École des Beaux Arts (Lorient) Expositions personnelles 2024Exposition « Peintures 2023 &#8211; 2024 » &#8211; Arradon 2012Galerie scrawitch &#8211; Paris 2001Art dans les chapelles — Chapelle La trinité 2000Accrochage &#8211; F.R.A.C. Bretagne &#8211; Châteaugiron 1991Château de Lignières &#8211; Berry &#8211; Cher 1990L&rsquo;image en marche &#8211; VannesGalerie Collin &#8230; </p>
<div><a href="https://www.yves-belenfant.fr/artiste-peintre/biographie/" class="more-link">Read More</a></div>
